{"id":363,"date":"2022-09-09T12:35:47","date_gmt":"2022-09-09T10:35:47","guid":{"rendered":"https:\/\/nayaelbijouxcreations.com\/?post_type=product&#038;p=363"},"modified":"2025-11-02T06:26:42","modified_gmt":"2025-11-02T05:26:42","slug":"sac-shopper-en-cuir-fauve","status":"publish","type":"product","link":"https:\/\/nayaelbijouxcreations.com\/index.php\/produit\/sac-shopper-en-cuir-fauve\/","title":{"rendered":"Sac \u00ab\u00a0Shopper\u00a0\u00bb en cuir fauve"},"content":{"rendered":"<p>Sac en cuir fauve \u00ab\u00a0shopper\u00a0\u00bb<br \/>\nBandouli\u00e8re cha\u00eene laiton<br \/>\nEnti\u00e8rement r\u00e9alis\u00e9 \u00e0 la main<br \/>\nCousu main en couture crois\u00e9e apparente<br \/>\nCuir de ch\u00e8vre impression l\u00e9zard de couleur fauve<br \/>\nCuir de vache couleur marron chocolat<br \/>\nPampille papillon dor\u00e9 \u00e0 l&rsquo;or fin<br \/>\nPompon r\u00e9alis\u00e9 \u00e0 la main en cuir de ch\u00e8vre<br \/>\nHauteur\u00a0 30 cm<br \/>\nLargeur\u00a0 25 cm<br \/>\nLa pi\u00e8ce unique, le compagnon id\u00e9al pour aller faire son shopping<br \/>\nIl est l\u00e9ger et le port\u00e9 en bandouli\u00e8re vous laisse les mains libres &#8230;<br \/>\nImagin\u00e9 et cr\u00e9\u00e9 pour vous !<\/p>\n","protected":false},"excerpt":{"rendered":"<p>Sac \u00ab\u00a0Shopper\u00a0\u00bb bandouli\u00e8re en cuir fauve artisanal et cousu main<\/p>\n","protected":false},"featured_media":721,"comment_status":"open","ping_status":"closed","template":"","meta":{"_et_pb_use_builder":"","_et_pb_old_content":"","_et_gb_content_width":"","_monsterinsights_skip_tracking":false,"_monsterinsights_sitenote_active":false,"_monsterinsights_sitenote_note":"","_monsterinsights_sitenote_category":0},"product_brand":[],"product_cat":[212,110],"product_tag":[112,96,114,44,113,97,111],"class_list":{"0":"post-363","1":"product","2":"type-product","3":"status-publish","4":"has-post-thumbnail","6":"product_cat-meilleures-ventes","7":"product_cat-sacs","8":"product_tag-bandouliere","9":"product_tag-couleurs-automnales","10":"product_tag-cousu-main","11":"product_tag-creation-artisanale","12":"product_tag-cuir-fauve","13":"product_tag-piece-unique","14":"product_tag-sacs-en-cuir","15":"product_shipping_class-sacs","17":"first","18":"instock","19":"sold-individually","20":"shipping-taxable","21":"purchasable","22":"product-type-simple"},"yoast_head":"<!-- This site is optimized with the Yoast SEO plugin v27.4 - https:\/\/yoast.com\/product\/yoast-seo-wordpress\/ -->\n<title>Sac &quot;Shopper&quot; cuir fauve | Nayael Bijoux &amp; Cr\u00e9ations<\/title>\n<meta name=\"description\" content=\"Nayael Bijoux Cr\u00e9ations vous propose le sac &quot;Shopper&quot; en cuir fauve \u00e0 porter en bandouli\u00e8re fait et cousu main, tons automnales.\" \/>\n<meta name=\"robots\" content=\"index, follow, max-snippet:-1, max-image-preview:large, max-video-preview:-1\" \/>\n<link rel=\"canonical\" href=\"https:\/\/nayaelbijouxcreations.com\/index.php\/produit\/sac-shopper-en-cuir-fauve\/\" \/>\n<meta property=\"og:locale\" content=\"fr_FR\" \/>\n<meta property=\"og:type\" content=\"article\" \/>\n<meta property=\"og:title\" content=\"Sac &quot;Shopper&quot; cuir fauve | Nayael Bijoux &amp; Cr\u00e9ations\" \/>\n<meta property=\"og:description\" content=\"Nayael Bijoux Cr\u00e9ations vous propose le sac &quot;Shopper&quot; en cuir fauve \u00e0 porter en bandouli\u00e8re fait et cousu main, tons automnales.\" \/>\n<meta property=\"og:url\" content=\"https:\/\/nayaelbijouxcreations.com\/index.php\/produit\/sac-shopper-en-cuir-fauve\/\" \/>\n<meta property=\"og:site_name\" content=\"Nayael Bijoux &amp; Cr\u00e9ations\" \/>\n<meta property=\"article:modified_time\" content=\"2025-11-02T05:26:42+00:00\" \/>\n<meta property=\"og:image\" content=\"https:\/\/nayaelbijouxcreations.com\/wp-content\/uploads\/2022\/09\/sac-cuir-950.png\" \/>\n\t<meta property=\"og:image:width\" content=\"950\" \/>\n\t<meta property=\"og:image:height\" content=\"950\" \/>\n\t<meta property=\"og:image:type\" content=\"image\/png\" \/>\n<meta name=\"twitter:card\" content=\"summary_large_image\" \/>\n<meta name=\"twitter:label1\" content=\"Dur\u00e9e de lecture estim\u00e9e\" \/>\n\t<meta name=\"twitter:data1\" content=\"1 minute\" \/>\n<script type=\"application\/ld+json\" class=\"yoast-schema-graph\">{\"@context\":\"https:\\\/\\\/schema.org\",\"@graph\":[{\"@type\":\"WebPage\",\"@id\":\"https:\\\/\\\/nayaelbijouxcreations.com\\\/index.php\\\/produit\\\/sac-shopper-en-cuir-fauve\\\/\",\"url\":\"https:\\\/\\\/nayaelbijouxcreations.com\\\/index.php\\\/produit\\\/sac-shopper-en-cuir-fauve\\\/\",\"name\":\"Sac \\\"Shopper\\\" cuir fauve | Nayael Bijoux &amp; Cr\u00e9ations\",\"isPartOf\":{\"@id\":\"https:\\\/\\\/nayaelbijouxcreations.com\\\/#website\"},\"primaryImageOfPage\":{\"@id\":\"https:\\\/\\\/nayaelbijouxcreations.com\\\/index.php\\\/produit\\\/sac-shopper-en-cuir-fauve\\\/#primaryimage\"},\"image\":{\"@id\":\"https:\\\/\\\/nayaelbijouxcreations.com\\\/index.php\\\/produit\\\/sac-shopper-en-cuir-fauve\\\/#primaryimage\"},\"thumbnailUrl\":\"https:\\\/\\\/nayaelbijouxcreations.com\\\/wp-content\\\/uploads\\\/2022\\\/09\\\/sac-cuir-950.png\",\"datePublished\":\"2022-09-09T10:35:47+00:00\",\"dateModified\":\"2025-11-02T05:26:42+00:00\",\"description\":\"Nayael Bijoux Cr\u00e9ations vous propose le sac \\\"Shopper\\\" en cuir fauve \u00e0 porter en bandouli\u00e8re fait et cousu main, tons automnales.\",\"breadcrumb\":{\"@id\":\"https:\\\/\\\/nayaelbijouxcreations.com\\\/index.php\\\/produit\\\/sac-shopper-en-cuir-fauve\\\/#breadcrumb\"},\"inLanguage\":\"fr-FR\",\"potentialAction\":[{\"@type\":\"ReadAction\",\"target\":[\"https:\\\/\\\/nayaelbijouxcreations.com\\\/index.php\\\/produit\\\/sac-shopper-en-cuir-fauve\\\/\"]}]},{\"@type\":\"ImageObject\",\"inLanguage\":\"fr-FR\",\"@id\":\"https:\\\/\\\/nayaelbijouxcreations.com\\\/index.php\\\/produit\\\/sac-shopper-en-cuir-fauve\\\/#primaryimage\",\"url\":\"https:\\\/\\\/nayaelbijouxcreations.com\\\/wp-content\\\/uploads\\\/2022\\\/09\\\/sac-cuir-950.png\",\"contentUrl\":\"https:\\\/\\\/nayaelbijouxcreations.com\\\/wp-content\\\/uploads\\\/2022\\\/09\\\/sac-cuir-950.png\",\"width\":950,\"height\":950},{\"@type\":\"BreadcrumbList\",\"@id\":\"https:\\\/\\\/nayaelbijouxcreations.com\\\/index.php\\\/produit\\\/sac-shopper-en-cuir-fauve\\\/#breadcrumb\",\"itemListElement\":[{\"@type\":\"ListItem\",\"position\":1,\"name\":\"Accueil\",\"item\":\"https:\\\/\\\/nayaelbijouxcreations.com\\\/\"},{\"@type\":\"ListItem\",\"position\":2,\"name\":\"Boutique\",\"item\":\"https:\\\/\\\/nayaelbijouxcreations.com\\\/index.php\\\/boutique\\\/\"},{\"@type\":\"ListItem\",\"position\":3,\"name\":\"Sac &#8220;Shopper&#8221; en cuir fauve\"}]},{\"@type\":\"WebSite\",\"@id\":\"https:\\\/\\\/nayaelbijouxcreations.com\\\/#website\",\"url\":\"https:\\\/\\\/nayaelbijouxcreations.com\\\/\",\"name\":\"Nayael Bijoux &amp; Cr\u00e9ations\",\"description\":\"Nayael Bijoux &amp; Cr\u00e9ations\",\"potentialAction\":[{\"@type\":\"SearchAction\",\"target\":{\"@type\":\"EntryPoint\",\"urlTemplate\":\"https:\\\/\\\/nayaelbijouxcreations.com\\\/?s={search_term_string}\"},\"query-input\":{\"@type\":\"PropertyValueSpecification\",\"valueRequired\":true,\"valueName\":\"search_term_string\"}}],\"inLanguage\":\"fr-FR\"}]}<\/script>\n<!-- \/ Yoast SEO plugin. -->","yoast_head_json":{"title":"Sac \"Shopper\" cuir fauve | Nayael Bijoux &amp; Cr\u00e9ations","description":"Nayael Bijoux Cr\u00e9ations vous propose le sac \"Shopper\" en cuir fauve \u00e0 porter en bandouli\u00e8re fait et cousu main, tons automnales.","robots":{"index":"index","follow":"follow","max-snippet":"max-snippet:-1","max-image-preview":"max-image-preview:large","max-video-preview":"max-video-preview:-1"},"canonical":"https:\/\/nayaelbijouxcreations.com\/index.php\/produit\/sac-shopper-en-cuir-fauve\/","og_locale":"fr_FR","og_type":"article","og_title":"Sac \"Shopper\" cuir fauve | Nayael Bijoux &amp; Cr\u00e9ations","og_description":"Nayael Bijoux Cr\u00e9ations vous propose le sac \"Shopper\" en cuir fauve \u00e0 porter en bandouli\u00e8re fait et cousu main, tons automnales.","og_url":"https:\/\/nayaelbijouxcreations.com\/index.php\/produit\/sac-shopper-en-cuir-fauve\/","og_site_name":"Nayael Bijoux &amp; Cr\u00e9ations","article_modified_time":"2025-11-02T05:26:42+00:00","og_image":[{"width":950,"height":950,"url":"https:\/\/nayaelbijouxcreations.com\/wp-content\/uploads\/2022\/09\/sac-cuir-950.png","type":"image\/png"}],"twitter_card":"summary_large_image","twitter_misc":{"Dur\u00e9e de lecture estim\u00e9e":"1 minute"},"schema":{"@context":"https:\/\/schema.org","@graph":[{"@type":"WebPage","@id":"https:\/\/nayaelbijouxcreations.com\/index.php\/produit\/sac-shopper-en-cuir-fauve\/","url":"https:\/\/nayaelbijouxcreations.com\/index.php\/produit\/sac-shopper-en-cuir-fauve\/","name":"Sac \"Shopper\" cuir fauve | Nayael Bijoux &amp; Cr\u00e9ations","isPartOf":{"@id":"https:\/\/nayaelbijouxcreations.com\/#website"},"primaryImageOfPage":{"@id":"https:\/\/nayaelbijouxcreations.com\/index.php\/produit\/sac-shopper-en-cuir-fauve\/#primaryimage"},"image":{"@id":"https:\/\/nayaelbijouxcreations.com\/index.php\/produit\/sac-shopper-en-cuir-fauve\/#primaryimage"},"thumbnailUrl":"https:\/\/nayaelbijouxcreations.com\/wp-content\/uploads\/2022\/09\/sac-cuir-950.png","datePublished":"2022-09-09T10:35:47+00:00","dateModified":"2025-11-02T05:26:42+00:00","description":"Nayael Bijoux Cr\u00e9ations vous propose le sac \"Shopper\" en cuir fauve \u00e0 porter en bandouli\u00e8re fait et cousu main, tons automnales.","breadcrumb":{"@id":"https:\/\/nayaelbijouxcreations.com\/index.php\/produit\/sac-shopper-en-cuir-fauve\/#breadcrumb"},"inLanguage":"fr-FR","potentialAction":[{"@type":"ReadAction","target":["https:\/\/nayaelbijouxcreations.com\/index.php\/produit\/sac-shopper-en-cuir-fauve\/"]}]},{"@type":"ImageObject","inLanguage":"fr-FR","@id":"https:\/\/nayaelbijouxcreations.com\/index.php\/produit\/sac-shopper-en-cuir-fauve\/#primaryimage","url":"https:\/\/nayaelbijouxcreations.com\/wp-content\/uploads\/2022\/09\/sac-cuir-950.png","contentUrl":"https:\/\/nayaelbijouxcreations.com\/wp-content\/uploads\/2022\/09\/sac-cuir-950.png","width":950,"height":950},{"@type":"BreadcrumbList","@id":"https:\/\/nayaelbijouxcreations.com\/index.php\/produit\/sac-shopper-en-cuir-fauve\/#breadcrumb","itemListElement":[{"@type":"ListItem","position":1,"name":"Accueil","item":"https:\/\/nayaelbijouxcreations.com\/"},{"@type":"ListItem","position":2,"name":"Boutique","item":"https:\/\/nayaelbijouxcreations.com\/index.php\/boutique\/"},{"@type":"ListItem","position":3,"name":"Sac &#8220;Shopper&#8221; en cuir fauve"}]},{"@type":"WebSite","@id":"https:\/\/nayaelbijouxcreations.com\/#website","url":"https:\/\/nayaelbijouxcreations.com\/","name":"Nayael Bijoux &amp; Cr\u00e9ations","description":"Nayael Bijoux &amp; Cr\u00e9ations","potentialAction":[{"@type":"SearchAction","target":{"@type":"EntryPoint","urlTemplate":"https:\/\/nayaelbijouxcreations.com\/?s={search_term_string}"},"query-input":{"@type":"PropertyValueSpecification","valueRequired":true,"valueName":"search_term_string"}}],"inLanguage":"fr-FR"}]}},"_links":{"self":[{"href":"https:\/\/nayaelbijouxcreations.com\/index.php\/wp-json\/wp\/v2\/product\/363","targetHints":{"allow":["GET"]}}],"collection":[{"href":"https:\/\/nayaelbijouxcreations.com\/index.php\/wp-json\/wp\/v2\/product"}],"about":[{"href":"https:\/\/nayaelbijouxcreations.com\/index.php\/wp-json\/wp\/v2\/types\/product"}],"replies":[{"embeddable":true,"href":"https:\/\/nayaelbijouxcreations.com\/index.php\/wp-json\/wp\/v2\/comments?post=363"}],"wp:featuredmedia":[{"embeddable":true,"href":"https:\/\/nayaelbijouxcreations.com\/index.php\/wp-json\/wp\/v2\/media\/721"}],"wp:attachment":[{"href":"https:\/\/nayaelbijouxcreations.com\/index.php\/wp-json\/wp\/v2\/media?parent=363"}],"wp:term":[{"taxonomy":"product_brand","embeddable":true,"href":"https:\/\/nayaelbijouxcreations.com\/index.php\/wp-json\/wp\/v2\/product_brand?post=363"},{"taxonomy":"product_cat","embeddable":true,"href":"https:\/\/nayaelbijouxcreations.com\/index.php\/wp-json\/wp\/v2\/product_cat?post=363"},{"taxonomy":"product_tag","embeddable":true,"href":"https:\/\/nayaelbijouxcreations.com\/index.php\/wp-json\/wp\/v2\/product_tag?post=363"}],"curies":[{"name":"wp","href":"https:\/\/api.w.org\/{rel}","templated":true}]}}